ive of x**4/12 + x**3/6 - x**2/2 - x. Suppose 5*j + 44 = -31. Let o be (-30)/(-12)*(-12)/j. Calculate n(o).
5
Let l(d) = -d - 8. Let j be l(-5). Let g(n) = 15*n**3 - n**2 - 3*n + 2. Let f(z) = -22*z**3 + 2*z**2 + 3*z - 2. Let a(t) = 2*f(t) + 3*g(t). Determine a(j).
-7
Let m = -39 - -44. Let g(p) = -p**3 + 7*p + 4*p**2 - 40544 + 40544. Calculate g(m).
10
Let q(w) = w**3 + 4*w**2 - w - 2. Let x be q(-1). Let p(j) = 12*j - 3. Give p(x).
21
Suppose -31*r = -11*r - 220. Let j be 0 + -1 + (9 - 2). Let i(q) = -r*q + j*q + 4 + q**2 + 0. What is i(4)?
0
Let n(g) = 13 - 13 - 10*g**2 - 4*g**2. Calculate n(-1).
-14
Let p(r) = 4*r**2 + 3*r - 98. Let o(g) = 2*g**2 + g - 45. Let n(j) = -13*o(j) + 6*p(j). Let x(k) = -k + 15. Let q be x(12). What is n(q)?
-6
Let j(p) = -7 - p - 12229*p**3 + 2*p**2 + 12230*p**3 - 4 + 9*p**2. Give j(-11).
0
Let y(c) = 4*c - 2*c + 12*c + 0*c. Let i = 610 + -609. Determine y(i).
14
Let l(w) be the third derivative of -w**5/20 - w**3/6 + 161*w**2. Calculate l(-2).
-13
Let d(b) = 5*b - 46. Let j be d(10). Suppose 5*o - 18 = 2. Let a(r) = r**3 + 5 + 0 + j*r**2 + o*r - 3*r. Give a(-4).
1
Let w(l) = -l**3 - 5*l**2 + 2*l + 7. Let o = -79 - -74. Calculate w(o).
-3
Let b(v) be the first derivative of -12*v - 28 + 1/2*v**2. What is b(6)?
-6
Let v(h) = h**3 + 8*h**2 - 6*h - 9. Let i(o) = -3*o**3 - 22*o**2 + 17*o + 25. Let n(s) = -4*i(s) - 11*v(s). What is n(3)?
20
Let h(l) = -2*l + 15. Let q be h(7). Let z be (-7 - 1)/(-24)*-6*q. Let w(x) = -x**3 - x**2 - 2*x - 2. What is w(z)?
6
Let h be (75/18 - 4)/((-90)/(-27)). Let w(q) be the second derivative of -h*q**5 + 0 + 4*q**2 - 4*q + 1/12*q**4 - 1/6*q**3. Give w(0).
8
Let l(y) be the third derivative of -y**7/2520 - y**6/240 - y**5/24 + y**4/6 - 4*y**2. Let f(b) be the second derivative of l(b). What is f(-4)?
-9
Let l(f) = -2*f + 28. Suppose 0 = 2*y + c - 29, 4*y + 3*c = 8*y - 53. What is l(y)?
0
Suppose -6*j = -0*j + 54. Let c(l) = 2*l + 7 - 3*l + 2*l. Determine c(j).
-2
Suppose 5*n - 12 = -2. Let z = n + 3. Let t = z - 6. Let y(m) = -9*m - 1. Give y(t).
8
Suppose 4*w + g = -3*g - 4, 0 = 5*g - 5. Let n(m) = -14*m**2 + 32*m**2 + 2 - 6*m**2 - 2*m - 15*m**2. What is n(w)?
-6
Let a(x) = 12*x. Let q be ((-4)/(-2))/(2/5). Suppose 8*h - 18 = q*h + m, 4*h + 2*m = 14. Suppose -h*w - 5 = -10*w. What is a(w)?
12
Let z(o) = 2*o**3 + o**2 - 10*o - 1. Let u(v) = -v**3 - v**2 + 5*v. Suppose -p = -5*d + 11, 3*d + 4*p - 1 = 1. Let t(h) = d*z(h) + 5*u(h). Calculate t(-4).
-6
Let d(t) = -4*t**3 + 5*t**2 + 6*t + 3. Let p(j) = 5*j + 0 - 7 + 4*j**2 - 3*j**3 + 10. Let i(g) = -4*d(g) + 5*p(g). Give i(-3).
-27
Let z(c) = -c + 17. Let y(d) = -d + 16. Let l(p) = 7*y(p) - 6*z(p). Determine l(9).
1
Let y(m) be the second derivative of m**5/60 - m**4/6 - 2*m**3/3 + 6*m. Let z(v) be the second derivative of y(v). Let q = -23 + 20. What is z(q)?
-10
Let d(y) = y**2 + y. Let q(f) = -f**2 + 3*f - 2. Suppose -3*u - 3*p + 21 = 0, 5*p - 8 = -4*u + 6*p. Let t be (-3)/(-9)*u + 1. Let s be q(t). Give d(s).
0
Let h(c) = 3*c + 1. Suppose 5*x + 63 = 8. Let y = -10 - x. Calculate h(y).
4
Let x be -1*(-1 + 1) + (236 - 227). Let z(t) = -6*t. Let s(u) = 5*u - 1. Let g(m) = -5*s(m) - 4*z(m). Give g(x).
-4
Let a(z) be the second derivative of -z**5/20 - z**4/4 - z**2 + 19*z + 3. Give a(-3).
-2
Let t(b) = b**3 + 4*b**2 - 6*b - 2. Let m be t(-5). Let h(r) = -r - m*r + 0 + 5 + 5*r. Let s be 0/(-3 + -1 - -2). Calculate h(s).
5
Let u(t) = -t**2 + 29*t + 2. Let s be u(29). Let k(j) be the first derivative of -j**4/4 + 5*j**3/3 - 2*j - 7. Calculate k(s).
10
Suppose 6*o + 14 = 2. Let t(a) = a**2 + 4*a + 1. What is t(o)?
-3
Let t(o) be the second derivative of o**3/6 + o**2/2 - 2*o. Suppose -4*n + 9*n + 15 = 0. Calculate t(n).
-2
Let k(l) = -2*l + 3. Let g(s) = s - 4. Suppose b = 2*n - 4*n - 13, -4*n + 5*b + 9 = 0. Let c(m) = n*k(m) - 5*g(m). Calculate c(-6).
-10
Let s(v) = -v. Let j(r) = 3 - 5*r - 3 + 4*r. Let x(o) = 2. Let u(t) = 2*j(t) + x(t). Let a(z) = s(z) - u(z). Give a(0).
-2
Let b(v) = v**2 - 10*v + 10. Let j = -492 + 498. What is b(j)?
-14
Let d(p) be the first derivative of -p**4/4 + 7*p**3/3 - 4*p - 466. Give d(5).
46
Let y be 1/(4/28 + 0). Let w(b) = -6*b**3 + y*b**2 - 24*b + 4*b**3 + 20*b - 7 + b**3. Determine w(6).
5
Let j = 276 + -273. Let m(i) = 10 - 5 + 4*i - 5*i. What is m(j)?
2
Let d(z) = -4*z**2 + 1. Let q(m) = 6*m**2 + m - 1. Let c(p) = 5*d(p) + 3*q(p). Give c(6).
-52
Let z(u) = -17*u - 1. Let r(g) = -6*g**2 + 35*g + 5. Let v be r(6). What is z(v)?
16
Suppose d - 28 + 24 = 0. Let i(b) be the first derivative of d + 3/2*b**2 + b. Determine i(2).
7
Let u(r) = -2*r**3 - 13*r**2 + 7*r + 9. Let c be 5 - (-9)/(-18)*24. Calculate u(c).
9
Let u(t) = t**3 + 5*t**2 - t - 5. Suppose -3*c = -3*h + 30, 2*h - 6 = -3*c - 11. Determine u(c).
0
Let j(w) = -2*w. Suppose -4*b + 2*i + 8 + 2 = 0, 3*i = b - 5. Suppose m - b*m + 3*f = -12, -m - 16 = 4*f. Suppose m = -2*s - 4 - 0. Give j(s).
4
Let o be ((-10)/70*0)/2. Let j(l) = l - 11. Give j(o).
-11
Let s(j) = 19*j**3 - 6*j - 10. Let o(v) be the first derivative of -3*v**4/2 + v**2 + 3*v - 1. Let p(b) = 7*o(b) + 2*s(b). Suppose -4*n + 1 = 5. Give p(n).
3
Let r(p) = 2*p**3 - 4*p**2 - 3*p - 8. Let z(l) = 3*l**3 - 9*l**2 - 7*l - 16. Let h(i) = 5*r(i) - 3*z(i). Let a be -9 - (-5)/(5/3). Determine h(a).
8
Let j(o) be the first derivative of -3*o**2/2 + 37*o - 18. Let v(s) = -5*s + 56. Let u(d) = 8*j(d) - 5*v(d). Give u(-9).
7
Let k(m) = -17*m**2 - 8*m**2 - 2 - 18*m**2 + 44*m**2. Let y be k(0). Let t(o) = -o**3 - 3*o**2 - 2*o + 2. What is t(y)?
2
Let a(k) be the third derivative of -5/6*k**3 - 17*k**2 + 0*k + 3/8*k**4 + 0 - 1/60*k**5. What is a(4)?
15
Let z = 11 - 12. Let y(o) = -2*o**2 + 2*o + 1. What is y(z)?
-3
Let d(k) be the first derivative of -k**5/120 - k**4/2 + 2*k**3/3 + 25. Let v(p) be the third derivative of d(p). Determine v(-6).
-6
Let y(t) = -t**3 + 4*t - 3. Suppose -3*s + 3*v = -21, 12*v + 7 = -4*s + 9*v. What is y(s)?
-3
Let j = 20 - 23. Let o(h) = -h**3 + 4*h + 1. What is o(j)?
16
Let u(b) be the second derivative of -b**3/6 - 2*b**2 + 305*b. Let j be (1 + -1)/(1/1). Give u(j).
-4
Let t(q) = 2*q**3 - 3*q**2 - q + 1. Let v(r) = 3*r**3 - 12*r**2 - 5*r + 3. Let z(j) = 2*t(j) - v(j). Calculate z(-5).
9
Let f(t) = -75 + 2*t**2 + 78 - 2*t + 0*t - t**3. Calculate f(3).
-12
Let k = 0 + 5. Let t(p) = 2*p + 1139*p**2 - 2273*p**2 + 1133*p**2 + 7 + 0. Give t(k).
-8
Let z(s) = -11*s**3 + 2*s**2 - 2*s. Let r be z(1). Let d = r - -5. Let k(q) = -5*q - 9. Determine k(d).
21
Suppose -1 = z - 3. Let k(s) = 6 - s**2 + 0*s**z + 7*s + s**2 - s**2. Let w be k(8). Let g(j) = -2*j**2 - 2*j - 1. Calculate g(w).
-5
Let v(t) be the third derivative of -t**4/8 - 2*t**3 + 7*t**2. Let m be v(-5). Let a(i) = m*i + 0 + 5 - 1. Give a(-4).
-8
Let h = -49 - -53. Let g(p) = p - 4. What is g(h)?
0
Let j(t) = 4*t - 15. Let x(i) = -5*i + 17. Let b(o) = 3*j(o) + 2*x(o). What is b(9)?
7
Suppose m + 8 + 0 = 0. Let j be 116/12 - (-2)/(-3). Let q = j + m. Let p(r) = -3*r**3 - r**2 + r. Give p(q).
-3
Let t = 9 - 15. Let q be (-3 + 0 - -3) + 15. Let c(y) = 11*y + 5*y - q*y. Calculate c(t).
-6
Let i(j) be the first derivative of -j**4/4 + 2*j**3 - 2*j + 199. Give i(6).
-2
Let k(g) = 6*g + 5. Let l = 195 + -196. Give k(l).
-1
Let a(z) = z**3 - 16*z**2 - 10. Suppose 5*q = w + w + 82, 5*w = -5*q + 75. What is a(q)?
-10
Let k(g) = -g**3 - 5*g**2 + g - 2. Suppose 0*o = 5*o. Suppose 2 = -2*x - 2*v, 5*x + 3*v + 3 + 0 = o. Suppose 5 = -x*c - c. Determine k(c).
-7
Let n(b) = -b**3 - b**2 - b + 8. Let x(p) = -p**2 - 4*p - 1. Let r be x(-3). Suppose 0 = 5*f + 4*j - 22 + 3, 3*f = -r*j + 13. Suppose 2*m = f*m. What is n(m)?
8
Let x be 45/10*(-8)/(-6). Let j be (-35)/(-15) + 4/x. Suppose -j*h = -2*h + 6. Let m(y) = 3*y + 8. Give m(h).
-10
Let j(c) be the first derivative of -12 + 1/2*c**2 + 0*c. Determine j(1).
1
Suppose -3*t = -2*t. Let u(y) be the third derivative of -y**4/24 - 3*y**3 + 3*y**2 - 16. What is u(t)?
-18
Let v(c) be the third derivative of -c**8/20160 - c**7/720 - c**6/120 - c**5/12 + 11*c**2. Let l(u) be the third derivative of v(u). What is l(-5)?
4
Let d(b) = -3*b**3 + 4*b**3 + b - 1 - 2*b**3. Let j(q) = -5*q**3 + 5*q**2 - 3*q - 12. Let m(t) = 6*d(t) - j(t). Let r = -6 + 0. Determine m(r).
-12
Let x(b) = 2 + 20*b**2 - 18 + 6